oes 118 divide 279259?
False
Does 805 divide 102235?
True
Is 6284920 a multiple of 69?
False
Does 13 divide 176332?
True
Does 402 divide 60186?
False
Does 25 divide 3227800?
True
Is 578874 a multiple of 33?
False
Does 161 divide 458367?
True
Does 757 divide 4358049?
True
Is 1292 a factor of 2395441?
False
Does 6 divide 395014?
False
Is 295 a factor of 4976650?
True
Is 4100 a multiple of 82?
True
Does 102 divide 2407797?
False
Does 60 divide 751920?
True
Does 13 divide 101816?
True
Is 14 a factor of 4242?
True
Does 7 divide 1905652?
True
Is 17625 a multiple of 47?
True
Does 58 divide 46864?
True
Is 123350 a multiple of 25?
True
Is 85 a factor of 94435?
True
Is 1310820 a multiple of 6?
True
Is 31 a factor of 809503?
True
Does 572 divide 801944?
True
Is 526 a factor of 15864160?
True
Does 5 divide 1464108?
False
Is 937 a factor of 3045250?
True
Is 814 a factor of 6299546?
True
Is 4498 a multiple of 40?
False
Is 48 a factor of 277665?
False
Is 586 a factor of 662376?
False
Is 788 a factor of 7691623?
False
Is 3137 a multiple of 41?
False
Does 43 divide 5633989?
True
Is 26 a factor of 4529148?
True
Does 492 divide 68880?
True
Is 22061160 a multiple of 1980?
True
Does 98 divide 1744545?
False
Is 210 a factor of 3066630?
True
Does 15 divide 234862?
False
Is 112 a factor of 225824?
False
Is 502320 a multiple of 195?
True
Is 125 a factor of 13987500?
True
Is 81 a factor of 12056?
False
Is 217 a factor of 1639162?
False
Is 2808560 a multiple of 11?
False
Is 2359990 a multiple of 95?
True
Does 342 divide 26744?
False
Is 10 a factor of 41850?
True
Is 46 a factor of 1040691?
False
Is 107643 a multiple of 18?
False
Is 167 a factor of 94856?
True
Is 19 a factor of 8493745?
False
Is 84 a factor of 54348?
True
Is 13 a factor of 79770?
False
Does 667 divide 3999332?
True
Is 36 a factor of 860484?
False
Does 27 divide 45360?
True
Does 347 divide 281903?
False
Is 7 a factor of 4601?
False
Is 887859 a multiple of 51?
True
Does 16 divide 127595?
False
Is 547 a factor of 9431921?
True
Is 16 a factor of 402217?
False
Is 2 a factor of 2131959?
False
Is 3 a factor of 4142932?
False
Is 964366 a multiple of 94?
False
Is 8 a factor of 84112?
True
Is 264550 a multiple of 407?
True
Does 215 divide 47451?
False
Does 12 divide 2574866?
False
Is 15914580 a multiple of 165?
True
Is 336 a factor of 2394638?
False
Does 3 divide 419053?
False
Does 131 divide 1038568?
True
Is 1089301 a multiple of 3?
False
Is 4413524 a multiple of 104?
False
Is 216 a factor of 1143047?
False
Is 10 a factor of 468730?
True
Is 4308912 a multiple of 182?
False
Does 4 divide 78599?
False
Does 21 divide 11466?
True
Is 35 a factor of 18926841?
False
Is 75 a factor of 6811950?
True
Does 15 divide 8196059?
False
Is 5993694 a multiple of 63?
True
Does 806 divide 3492398?
True
Is 78 a factor of 46410?
True
Does 176 divide 2042409?
False
Is 531743 a multiple of 31?
True
Does 13 divide 279497?
False
Is 204084 a multiple of 314?
False
Is 460 a factor of 10108911?
False
Is 621098 a multiple of 216?
False
Does 169 divide 106470?
True
Does 323 divide 131658?
False
Is 41213 a multiple of 3?
False
Is 177 a factor of 575781?
True
Does 87 divide 606477?
True
Does 156 divide 4600509?
False
Does 387 divide 527400?
False
Does 6 divide 27264?
True
Does 10 divide 3985520?
True
Does 32 divide 308096?
True
Does 37 divide 1194824?
False
Does 62 divide 2311732?
True
Does 747 divide 4059198?
True
Does 38 divide 9398?
False
Is 153220 a multiple of 94?
True
Does 1026 divide 5212080?
True
Is 117 a factor of 6016586?
False
Is 1609062 a multiple of 182?
True
Does 7 divide 88394?
False
Is 2417116 a multiple of 559?
True
Is 2 a factor of 736607?
False
Is 27 a factor of 6805504?
False
Is 929642 a multiple of 78?
False
Is 277 a factor of 183312?
False
Is 2539367 a multiple of 61?
False
Does 42 divide 226510?
False
Is 81415 a multiple of 47?
False
Is 123308 a multiple of 29?
True
Is 19107090 a multiple of 30?
True
Does 76 divide 38815?
False
Does 7 divide 86452?
False
Does 97 divide 55489?
False
Does 226 divide 6111399?
False
Does 21 divide 20201391?
True
Is 35 a factor of 18978050?
True
Is 239 a factor of 357783?
True
Is 42357 a multiple of 100?
False
Is 127 a factor of 332252?
False
Is 235 a factor of 344980?
True
Is 8379986 a multiple of 124?
False
Is 45546 a multiple of 21?
False
Does 146 divide 1611002?
False
Is 8 a factor of 1104518?
False
Does 17 divide 159307?
True
Does 12 divide 249540?
True
Does 17 divide 763385?
True
Is 11154083 a multiple of 1165?
False
Is 1781 a factor of 9214762?
False
Does 120 divide 134573?
False
Does 5 divide 487?
False
Is 4753889 a multiple of 16?
False
Is 839119 a multiple of 8?
False
Does 9 divide 46215?
True
Is 12585 a multiple of 57?
False
Is 64 a factor of 267606?
False
Is 9550142 a multiple of 22?
False
Is 10 a factor of 593992?
False
Does 19 divide 65168?
False
Does 379 divide 2183095?
False
Does 51 divide 2535822?
True
Is 3261863 a multiple of 3?
False
Does 39 divide 2369289?
True
Is 7 a factor of 425785?
False
Does 11 divide 296857?
True
Does 3 divide 121737?
True
Is 121 a factor of 107563?
False
Is 847710 a multiple of 51?
False
Does 16 divide 1804816?
True
Is 8 a factor of 185377?
False
Does 228 divide 131888?
False
Is 21 a factor of 9334?
False
Is 140800 a multiple of 25?
True
Does 61 divide 20380421?
False
Does 4 divide 470211?
False
Does 358 divide 3326928?
False
Is 9 a factor of 383925?
False
Is 14 a factor of 4143247?
False
Is 6 a factor of 37682?
False
Is 731 a factor of 1158475?
False
Is 161068 a multiple of 197?
False
Is 4090 a multiple of 10?
True
Does 15 divide 156465?
True
Is 29 a factor of 1815567?
False
Is 577239 a multiple of 247?
True
Is 361706 a multiple of 86?
False
Does 33 divide 98604?
True
Does 297 divide 11489226?
False
Does 44 divide 19140?
True
Does 7 divide 2180777?
False
Is 13 a factor of 790431?
False
Is 40 a factor of 3077120?
True
Is 2267230 a multiple of 14?
True
Does 15 divide 126759?
False
Is 2 a factor of 86124?
True
Does 10 divide 582250?
True
Does 32 divide 1777056?
True
Is 161822 a multiple of 77?
False
Does 657 divide 5001084?
True
Is 8544648 a multiple of 543?
True
Is 3618976 a multiple of 16?
True
Is 507 a factor of 2471154?
False
Does 25 divide 35973507?
False
Does 187 divide 115935?
False
Is 395 a factor of 797900?
True
Does 28 divide 76965?
False
Is 97 a factor of 3309891?
False
Is 40 a factor of 5248002?
False
Is 359793 a multiple of 17?
False
Does 16 divide 1914016?
True
Does 20 divide 1962110?
False
Does 21 divide 75549?
False
Is 367262 a multiple of 220?
False
Is 51 a factor of 133178?
False
Is 116 a factor of 84216?
True
Is 2325923 a multiple of 165?
False
Does 103 divide 40524?
False
Is 226344 a multiple of 5?
False
Does 38 divide 7702942?
True
Is 28 a factor of 203448?
True
Is 251230 a multiple of 364?
False
Is 236 a factor of 6920?
False
Is 9 a factor of 557271?
True
Does 53 divide 4676031?
True
Is 24 a factor of 93192?
True
Is 934929 a multiple of 31?
True
Is 1841561 a multiple of 205?
False
Is 97 a factor of 394600?
False
Is 11 a factor of 392961?
False
Does 80 divide 10560?
True
Does 46 divide 5500594?
False
Does 66 divide 3400452?
True
Does 10 divide 5286646?
False
Is 31153784 a multiple of 11?
False
Is 10 a factor of 444884?
False
Does 12 divide 2308642?
False
Does 69 divide 108520?
False
Does 378 divide 668682?
True
Is 279457 a multiple of 2?
False
Is 9 a factor of 11871?
True
Is 116 a factor of 1141710?
False
Is 463 a factor of 2646920?
False
Does 16 divide 505636?
False
Does 281 divide 20236954?
False
Is 124 a factor of 20573832?
True
Is 144460 a multiple of 90?
False
Is 504 a factor of 462672?
True
Is 435 a factor of 126150?
True
Does 11 divide 158950?
True
Does 1861 divide 21140960?
True
Is 21 a factor of 6408550?
False
Is 12445 a multiple of 95?
True
Is 4407580 a multiple of 480?
False
Is 71 a factor of 1779899?
True
Is 375640 a multiple of 320?
False
Does 136 divide 559047?
False
Does 84 divide 255444?
True
Does 34 divide 177756?
False
Does 442 divide 871636?
False
Is 5 a factor of 1247390?
True
Is 75 a factor of 3657931?
False
Is 255042 a multiple of 18?
True
Is 1339400 a multiple of 10?
True
Is 1163344 a multiple of 476?
True
Is 809595 a multiple of 159?
False
Does 5 divide 39830?
True
Is 10 a factor of 314483?
False
Does 3 d